CRAN Package Check Results for Package zerotradeflow

Last updated on 2022-12-07 19:53:16 CET.

Flavor Version Tinstall Tcheck Ttotal Status Flags
r-devel-linux-x86_64-debian-clang 0.1.0 18.12 54.24 72.36 OK
r-devel-linux-x86_64-debian-gcc 0.1.0 13.76 40.82 54.58 OK
r-devel-linux-x86_64-fedora-clang 0.1.0 101.06 NOTE
r-devel-linux-x86_64-fedora-gcc 0.1.0 96.15 NOTE
r-devel-windows-x86_64 0.1.0 37.00 79.00 116.00 OK
r-patched-linux-x86_64 0.1.0 14.81 50.96 65.77 OK
r-release-linux-x86_64 0.1.0 12.83 51.43 64.26 OK
r-release-macos-arm64 0.1.0 35.00 NOTE
r-release-macos-x86_64 0.1.0 41.00 NOTE
r-release-windows-x86_64 0.1.0 31.00 78.00 109.00 OK
r-oldrel-macos-arm64 0.1.0 33.00 NOTE
r-oldrel-macos-x86_64 0.1.0 45.00 NOTE
r-oldrel-windows-ix86+x86_64 0.1.0 29.00 73.00 102.00 OK

Check Details

Version: 0.1.0
Check: dependencies in R code
Result: NOTE
    Namespace in Imports field not imported from: ‘tidyverse’
     All declared Imports should be used.
Flavors: r-devel-linux-x86_64-fedora-clang, r-devel-linux-x86_64-fedora-gcc, r-release-macos-arm64, r-release-macos-x86_64, r-oldrel-macos-arm64, r-oldrel-macos-x86_64