CRAN Package Check Results for Package zonohedra

Last updated on 2024-02-29 20:53:06 CET.

Flavor Version Tinstall Tcheck Ttotal Status Flags
r-devel-linux-x86_64-debian-clang 0.2-2 13.19 172.73 185.92 NOTE
r-devel-linux-x86_64-debian-gcc 0.2-2 10.66 141.26 151.92 NOTE
r-devel-linux-x86_64-fedora-clang 0.2-2 228.78 NOTE
r-devel-linux-x86_64-fedora-gcc 0.2-2 223.67 NOTE
r-devel-windows-x86_64 0.2-2 24.00 209.00 233.00 OK
r-patched-linux-x86_64 0.2-2 14.53 170.74 185.27 OK
r-release-linux-x86_64 0.2-2 12.98 170.99 183.97 OK
r-release-macos-arm64 0.2-2 135.00 OK
r-release-macos-x86_64 0.2-2 335.00 OK
r-release-windows-x86_64 0.2-2 25.00 249.00 274.00 OK
r-oldrel-macos-arm64 0.2-2 125.00 OK
r-oldrel-windows-x86_64 0.2-2 20.00 254.00 274.00 OK

Additional issues

noRemap

Check Details

Version: 0.2-2
Check: Rd files
Result: NOTE checkRd: (-1) inside2trans.Rd:124: Lost braces 124 | \bold{Linking number --- {Wikipedia}{,} The Free Encyclopedia}. | ^ Flavors: r-devel-linux-x86_64-debian-clang, r-devel-linux-x86_64-debian-gcc, r-devel-linux-x86_64-fedora-clang, r-devel-linux-x86_64-fedora-gcc

Version: 0.2-2
Check: for detritus in the temp directory
Result: NOTE Found the following files/directories: ‘Crashpad’ Flavor: r-devel-linux-x86_64-fedora-gcc