Last updated on 2025-01-17 06:49:39 CET.
Flavor | Version | Tinstall | Tcheck | Ttotal | Status | Flags |
---|---|---|---|---|---|---|
r-devel-linux-x86_64-debian-clang | 0.2.0 | 112.69 | 236.37 | 349.06 | OK | |
r-devel-linux-x86_64-debian-gcc | 0.2.0 | 89.54 | 149.41 | 238.95 | OK | |
r-devel-linux-x86_64-fedora-clang | 0.2.0 | 604.14 | OK | |||
r-devel-linux-x86_64-fedora-gcc | 0.2.0 | 572.38 | OK | |||
r-devel-windows-x86_64 | 0.2.0 | 118.00 | 202.00 | 320.00 | OK | |
r-patched-linux-x86_64 | 0.2.0 | 112.67 | 190.95 | 303.62 | OK | |
r-release-linux-x86_64 | 0.2.0 | 113.36 | 215.80 | 329.16 | OK | |
r-release-macos-arm64 | 0.2.0 | 128.00 | NOTE | |||
r-release-macos-x86_64 | 0.2.0 | 205.00 | NOTE | |||
r-release-windows-x86_64 | 0.2.0 | 99.00 | 237.00 | 336.00 | OK | |
r-oldrel-macos-arm64 | 0.2.0 | 148.00 | NOTE | |||
r-oldrel-macos-x86_64 | 0.2.0 | 43.00 | ERROR | |||
r-oldrel-windows-x86_64 | 0.2.0 | 112.00 | 305.00 | 417.00 | OK |
Version: 0.2.0
Check: installed package size
Result: NOTE
installed size is 9.2Mb
sub-directories of 1Mb or more:
libs 8.9Mb
Flavors: r-release-macos-arm64, r-release-macos-x86_64, r-oldrel-macos-arm64
Version: 0.2.0
Check: whether package can be installed
Result: ERROR
Installation failed.
Flavor: r-oldrel-macos-x86_64