CRAN Package Check Results for Package zoon

Last updated on 2018-10-24 02:49:17 CEST.

Flavor Version Tinstall Tcheck Ttotal Status Flags
r-devel-linux-x86_64-debian-clang 0.6.3 13.24 124.11 137.35 ERROR
r-devel-linux-x86_64-debian-gcc 0.6.3 13.02 109.16 122.18 ERROR
r-devel-linux-x86_64-fedora-clang 0.6.3 183.04 ERROR
r-devel-linux-x86_64-fedora-gcc 0.6.3 222.00 ERROR
r-devel-windows-ix86+x86_64 0.6.3 41.00 240.00 281.00 ERROR
r-patched-linux-x86_64 0.6.3 10.16 105.46 115.62 ERROR
r-patched-solaris-x86 0.6.3 258.70 ERROR
r-release-linux-x86_64 0.6.3 11.15 106.97 118.12 ERROR
r-release-windows-ix86+x86_64 0.6.3 37.00 234.00 271.00 ERROR
r-release-osx-x86_64 0.6.3 OK
r-oldrel-windows-ix86+x86_64 0.6.3 22.00 12.00 34.00 ERROR
r-oldrel-osx-x86_64 0.6.3 OK

Check Details

Version: 0.6.3
Check: tests
Result: ERROR
     Running ‘test-all.R’ [17s/30s]
    Running the tests in ‘tests/test-all.R’ failed.
    Complete output:
     > Sys.setenv("R_TESTS" = "")
     > library(testthat)
     > test_check("zoon")
     Loading required package: zoon
     Loading required package: raster
     Loading required package: sp
     ── 1. Failure: Expected errors (@testTransformCRS.R#39) ───────────────────────
     `workflow(...)` did not throw an error.
    
     ══ testthat results ═══════════════════════════════════════════════════════════
     OK: 237 SKIPPED: 30 FAILED: 1
     1. Failure: Expected errors (@testTransformCRS.R#39)
    
     Error: testthat unit tests failed
     Execution halted
Flavor: r-devel-linux-x86_64-debian-clang

Version: 0.6.3
Check: tests
Result: ERROR
     Running ‘test-all.R’ [15s/29s]
    Running the tests in ‘tests/test-all.R’ failed.
    Complete output:
     > Sys.setenv("R_TESTS" = "")
     > library(testthat)
     > test_check("zoon")
     Loading required package: zoon
     Loading required package: raster
     Loading required package: sp
     ── 1. Failure: Expected errors (@testTransformCRS.R#39) ───────────────────────
     `workflow(...)` did not throw an error.
    
     ══ testthat results ═══════════════════════════════════════════════════════════
     OK: 237 SKIPPED: 30 FAILED: 1
     1. Failure: Expected errors (@testTransformCRS.R#39)
    
     Error: testthat unit tests failed
     Execution halted
Flavor: r-devel-linux-x86_64-debian-gcc

Version: 0.6.3
Check: tests
Result: ERROR
     Running ‘test-all.R’ [21s/29s]
    Running the tests in ‘tests/test-all.R’ failed.
    Complete output:
     > Sys.setenv("R_TESTS" = "")
     > library(testthat)
     > test_check("zoon")
     Loading required package: zoon
     Loading required package: raster
     Loading required package: sp
     ── 1. Failure: Expected errors (@testTransformCRS.R#39) ───────────────────────
     `workflow(...)` did not throw an error.
    
     ══ testthat results ═══════════════════════════════════════════════════════════
     OK: 237 SKIPPED: 30 FAILED: 1
     1. Failure: Expected errors (@testTransformCRS.R#39)
    
     Error: testthat unit tests failed
     Execution halted
Flavor: r-devel-linux-x86_64-fedora-clang

Version: 0.6.3
Check: tests
Result: ERROR
     Running ‘test-all.R’ [23s/29s]
    Running the tests in ‘tests/test-all.R’ failed.
    Complete output:
     > Sys.setenv("R_TESTS" = "")
     > library(testthat)
     > test_check("zoon")
     Loading required package: zoon
     Loading required package: raster
     Loading required package: sp
     ── 1. Failure: Expected errors (@testTransformCRS.R#39) ───────────────────────
     `workflow(...)` did not throw an error.
    
     ══ testthat results ═══════════════════════════════════════════════════════════
     OK: 237 SKIPPED: 30 FAILED: 1
     1. Failure: Expected errors (@testTransformCRS.R#39)
    
     Error: testthat unit tests failed
     Execution halted
Flavor: r-devel-linux-x86_64-fedora-gcc

Version: 0.6.3
Check: tests
Result: ERROR
     Running 'test-all.R' [34s]
    Running the tests in 'tests/test-all.R' failed.
    Complete output:
     > Sys.setenv("R_TESTS" = "")
     > library(testthat)
     > test_check("zoon")
     Loading required package: zoon
     Loading required package: raster
     Loading required package: sp
     -- 1. Failure: Expected errors (@testTransformCRS.R#39) -----------------------
     `workflow(...)` did not throw an error.
    
     == testthat results ===========================================================
     OK: 237 SKIPPED: 30 FAILED: 1
     1. Failure: Expected errors (@testTransformCRS.R#39)
    
     Error: testthat unit tests failed
     Execution halted
Flavor: r-devel-windows-ix86+x86_64

Version: 0.6.3
Check: tests
Result: ERROR
     Running ‘test-all.R’ [18s/30s]
    Running the tests in ‘tests/test-all.R’ failed.
    Complete output:
     > Sys.setenv("R_TESTS" = "")
     > library(testthat)
     > test_check("zoon")
     Loading required package: zoon
     Loading required package: raster
     Loading required package: sp
     ── 1. Failure: Expected errors (@testTransformCRS.R#39) ───────────────────────
     `workflow(...)` did not throw an error.
    
     ══ testthat results ═══════════════════════════════════════════════════════════
     OK: 237 SKIPPED: 30 FAILED: 1
     1. Failure: Expected errors (@testTransformCRS.R#39)
    
     Error: testthat unit tests failed
     Execution halted
Flavor: r-patched-linux-x86_64

Version: 0.6.3
Check: tests
Result: ERROR
     Running ‘test-all.R’ [23s/574s]
    Running the tests in ‘tests/test-all.R’ failed.
    Complete output:
     > Sys.setenv("R_TESTS" = "")
     > library(testthat)
     > test_check("zoon")
     Loading required package: zoon
     Loading required package: raster
     Loading required package: sp
     ── 1. Failure: Expected errors (@testTransformCRS.R#39) ───────────────────────
     `workflow(...)` did not throw an error.
    
     ══ testthat results ═══════════════════════════════════════════════════════════
     OK: 237 SKIPPED: 30 FAILED: 1
     1. Failure: Expected errors (@testTransformCRS.R#39)
    
     Error: testthat unit tests failed
     Execution halted
Flavor: r-patched-solaris-x86

Version: 0.6.3
Check: tests
Result: ERROR
     Running ‘test-all.R’ [18s/29s]
    Running the tests in ‘tests/test-all.R’ failed.
    Complete output:
     > Sys.setenv("R_TESTS" = "")
     > library(testthat)
     > test_check("zoon")
     Loading required package: zoon
     Loading required package: raster
     Loading required package: sp
     ── 1. Failure: Expected errors (@testTransformCRS.R#39) ───────────────────────
     `workflow(...)` did not throw an error.
    
     ══ testthat results ═══════════════════════════════════════════════════════════
     OK: 237 SKIPPED: 30 FAILED: 1
     1. Failure: Expected errors (@testTransformCRS.R#39)
    
     Error: testthat unit tests failed
     Execution halted
Flavor: r-release-linux-x86_64

Version: 0.6.3
Check: tests
Result: ERROR
     Running 'test-all.R' [40s]
    Running the tests in 'tests/test-all.R' failed.
    Complete output:
     > Sys.setenv("R_TESTS" = "")
     > library(testthat)
     > test_check("zoon")
     Loading required package: zoon
     Loading required package: raster
     Loading required package: sp
     -- 1. Failure: Expected errors (@testTransformCRS.R#39) -----------------------
     `workflow(...)` did not throw an error.
    
     == testthat results ===========================================================
     OK: 237 SKIPPED: 30 FAILED: 1
     1. Failure: Expected errors (@testTransformCRS.R#39)
    
     Error: testthat unit tests failed
     Execution halted
Flavor: r-release-windows-ix86+x86_64

Version: 0.6.3
Check: whether the package can be loaded
Result: ERROR
    Loading this package had a fatal error status code 1
    Loading log:
    Loading required package: raster
    Loading required package: sp
    Error: package or namespace load failed for 'zoon' in namespaceExport(ns, exports):
     undefined exports: %s!=%, %s!==%, %s+%, %s<%, %s<=%, %s==%, %s===%, %s>%, %s>=%, %stri!=%, %stri!==%, %stri+%, %stri<%, %stri<=%, %stri==%, %stri===%, %stri>%, %stri>=%, stri_datetime_add<-, stri_sub<-, stri_subset<-, stri_subset_charclass<-, stri_subset_coll<-, stri_subset_fixed<-, stri_subset_regex<-, stri_c, stri_c_list, stri_cmp, stri_cmp_eq, stri_cmp_equiv, stri_cmp_ge, stri_cmp_gt, stri_cmp_le, stri_cmp_lt, stri_cmp_neq, stri_cmp_nequiv, stri_compare, stri_conv, stri_count, stri_count_boundaries, stri_count_charclass, stri_count_coll, stri_count_fixed, stri_count_regex, stri_count_words, stri_datetime_add, stri_datetime_create, stri_datetime_fields, stri_datetime_format, stri_datetime_fstr, stri_datetime_now, stri_datetime_parse, stri_datetime_symbols, stri_detect, stri_detect_charclass, stri_detect_coll, stri_detect_fixed, stri_detect_regex, stri_dup, stri_duplicated, stri_duplicated_any, stri_
    Execution halted
Flavor: r-oldrel-windows-ix86+x86_64