CRAN Package Check Results for Package zoon

Last updated on 2018-08-17 21:48:30 CEST.

Flavor Version Tinstall Tcheck Ttotal Status Flags
r-devel-linux-x86_64-debian-clang 0.6.3 12.61 116.19 128.80 OK
r-devel-linux-x86_64-debian-gcc 0.6.3 11.61 106.19 117.80 OK
r-devel-linux-x86_64-fedora-clang 0.6.3 176.63 OK
r-devel-linux-x86_64-fedora-gcc 0.6.3 144.66 OK
r-devel-windows-ix86+x86_64 0.6.3 42.00 287.00 329.00 OK
r-patched-linux-x86_64 0.6.3 10.37 99.50 109.87 OK
r-patched-solaris-x86 0.6.3 246.10 OK
r-release-linux-x86_64 0.6.3 10.70 98.70 109.40 OK
r-release-windows-ix86+x86_64 0.6.3 21.00 248.00 269.00 WARN
r-release-osx-x86_64 0.6.3 OK
r-oldrel-windows-ix86+x86_64 0.6.3 24.00 269.00 293.00 WARN
r-oldrel-osx-x86_64 0.6.3 OK

Check Details

Version: 0.6.3
Check: whether package can be installed
Result: WARN
    Found the following significant warnings:
     Warning: S3 methods '[.fun_list', '[.grouped_df', 'all.equal.tbl_df', 'anti_join.data.frame', 'anti_join.tbl_df', 'arrange.data.frame', 'arrange.default', 'arrange.grouped_df', 'arrange.tbl_df', 'arrange_.data.frame', 'arrange_.tbl_df', 'as.data.frame.grouped_df', 'as.data.frame.rowwise_df', 'as.data.frame.tbl_cube', 'as.data.frame.tbl_df', 'as.table.tbl_cube', 'as.tbl.data.frame', 'as.tbl.tbl', 'as.tbl_cube.array', 'as.tbl_cube.data.frame', 'as.tbl_cube.matrix', 'as.tbl_cube.table', 'as_data_frame.grouped_df', 'as_data_frame.tbl_cube', 'auto_copy.tbl_cube', 'auto_copy.tbl_df', 'cbind.grouped_df', 'collapse.data.frame', 'collect.data.frame', 'common_by.NULL', 'common_by.character', 'common_by.default', 'common_by.list', 'compute.data.frame', 'copy_to.DBIConnection', 'copy_to.src_local', 'default_missing.data.frame', 'default_missing.default', 'dim.tbl_cube', 'distinct.data.frame', 'distinct.default', 'distinct.grouped_df', 'distinct.tbl_df', 'distinct_.data.frame', 'distinct_.grouped_df', 'dist [... truncated]
Flavors: r-release-windows-ix86+x86_64, r-oldrel-windows-ix86+x86_64