CRAN Package Check Results for Package ztpln

Last updated on 2024-03-04 02:59:37 CET.

Flavor Version Tinstall Tcheck Ttotal Status Flags
r-devel-linux-x86_64-debian-clang 0.1.2 60.87 104.35 165.22 NOTE
r-devel-linux-x86_64-debian-gcc 0.1.2 52.12 94.20 146.32 NOTE
r-devel-linux-x86_64-fedora-clang 0.1.2 206.35 NOTE
r-devel-linux-x86_64-fedora-gcc 0.1.2 240.23 NOTE
r-devel-windows-x86_64 0.1.2 45.00 136.00 181.00 NOTE
r-patched-linux-x86_64 0.1.2 60.74 104.85 165.59 NOTE
r-release-linux-x86_64 0.1.2 43.11 107.49 150.60 NOTE
r-release-macos-arm64 0.1.2 82.00 NOTE
r-release-macos-x86_64 0.1.2 133.00 NOTE
r-release-windows-x86_64 0.1.2 60.00 165.00 225.00 NOTE
r-oldrel-macos-arm64 0.1.2 52.00 NOTE
r-oldrel-windows-x86_64 0.1.2 57.00 164.00 221.00 OK

Check Details

Version: 0.1.2
Check: C++ specification
Result: NOTE Specified C++11: please drop specification unless essential Flavors: r-devel-linux-x86_64-debian-clang, r-devel-linux-x86_64-debian-gcc, r-devel-linux-x86_64-fedora-clang, r-devel-linux-x86_64-fedora-gcc, r-devel-windows-x86_64, r-patched-linux-x86_64, r-release-linux-x86_64, r-release-macos-arm64, r-release-macos-x86_64, r-release-windows-x86_64

Version: 0.1.2
Check: installed package size
Result: NOTE installed size is 8.3Mb sub-directories of 1Mb or more: libs 8.0Mb Flavors: r-release-macos-arm64, r-release-macos-x86_64, r-oldrel-macos-arm64