CRAN Package Check Results for Package ztype

Last updated on 2019-02-16 19:47:51 CET.

Flavor Version Tinstall Tcheck Ttotal Status Flags
r-devel-linux-x86_64-debian-clang 0.1.0 1.74 24.96 26.70 OK
r-devel-linux-x86_64-debian-gcc 0.1.0 1.40 20.09 21.49 OK
r-devel-linux-x86_64-fedora-clang 0.1.0 32.90 NOTE
r-devel-linux-x86_64-fedora-gcc 0.1.0 30.27 NOTE
r-devel-windows-ix86+x86_64 0.1.0 6.00 61.00 67.00 OK
r-patched-linux-x86_64 0.1.0 1.41 23.45 24.86 OK
r-patched-solaris-x86 0.1.0 50.00 NOTE
r-release-linux-x86_64 0.1.0 OK
r-release-windows-ix86+x86_64 0.1.0 3.00 59.00 62.00 OK
r-release-osx-x86_64 0.1.0 NOTE
r-oldrel-windows-ix86+x86_64 0.1.0 7.00 59.00 66.00 OK
r-oldrel-osx-x86_64 0.1.0 NOTE

Check Details

Version: 0.1.0
Check: dependencies in R code
Result: NOTE
    Namespaces in Imports field not imported from:
     ‘dplyr’ ‘ggplot2’ ‘lubridate’
     All declared Imports should be used.
Flavors: r-devel-linux-x86_64-fedora-clang, r-devel-linux-x86_64-fedora-gcc, r-patched-solaris-x86, r-release-osx-x86_64, r-oldrel-osx-x86_64