CRAN Package Check Results for Package ztype

Last updated on 2018-05-23 01:46:59 CEST.

Flavor Version Tinstall Tcheck Ttotal Status Flags
r-devel-linux-x86_64-debian-clang 0.1.0 1.53 25.39 26.92 OK
r-devel-linux-x86_64-debian-gcc 0.1.0 1.27 20.39 21.66 OK
r-devel-linux-x86_64-fedora-clang 0.1.0 32.06 NOTE
r-devel-linux-x86_64-fedora-gcc 0.1.0 30.87 NOTE
r-devel-windows-ix86+x86_64 0.1.0 4.00 56.00 60.00 OK
r-patched-linux-x86_64 0.1.0 1.42 23.45 24.87 OK
r-patched-solaris-x86 0.1.0 50.30 NOTE
r-release-linux-x86_64 0.1.0 0.93 23.13 24.06 OK
r-release-windows-ix86+x86_64 0.1.0 4.00 53.00 57.00 OK
r-release-osx-x86_64 0.1.0 NOTE
r-oldrel-windows-ix86+x86_64 0.1.0 6.00 53.00 59.00 OK
r-oldrel-osx-x86_64 0.1.0 NOTE

Check Details

Version: 0.1.0
Check: dependencies in R code
Result: NOTE
    Namespaces in Imports field not imported from:
     ‘dplyr’ ‘ggplot2’ ‘lubridate’
     All declared Imports should be used.
Flavors: r-devel-linux-x86_64-fedora-clang, r-devel-linux-x86_64-fedora-gcc, r-patched-solaris-x86, r-release-osx-x86_64, r-oldrel-osx-x86_64