CRAN Package Check Results for Package ztype

Last updated on 2018-08-22 06:47:09 CEST.

Flavor Version Tinstall Tcheck Ttotal Status Flags
r-devel-linux-x86_64-debian-clang 0.1.0 1.63 26.04 27.67 OK
r-devel-linux-x86_64-debian-gcc 0.1.0 1.39 21.64 23.03 OK
r-devel-linux-x86_64-fedora-clang 0.1.0 32.31 NOTE
r-devel-linux-x86_64-fedora-gcc 0.1.0 31.28 NOTE
r-devel-windows-ix86+x86_64 0.1.0 3.00 39.00 42.00 OK
r-patched-linux-x86_64 0.1.0 1.47 23.46 24.93 OK
r-patched-solaris-x86 0.1.0 50.70 NOTE
r-release-linux-x86_64 0.1.0 1.41 23.58 24.99 OK
r-release-windows-ix86+x86_64 0.1.0 5.00 37.00 42.00 OK
r-release-osx-x86_64 0.1.0 NOTE
r-oldrel-windows-ix86+x86_64 0.1.0 4.00 54.00 58.00 OK
r-oldrel-osx-x86_64 0.1.0 NOTE

Check Details

Version: 0.1.0
Check: dependencies in R code
Result: NOTE
    Namespaces in Imports field not imported from:
     ‘dplyr’ ‘ggplot2’ ‘lubridate’
     All declared Imports should be used.
Flavors: r-devel-linux-x86_64-fedora-clang, r-devel-linux-x86_64-fedora-gcc, r-patched-solaris-x86, r-release-osx-x86_64, r-oldrel-osx-x86_64