CRAN Package Check Results for Package ztype

Last updated on 2018-11-20 19:48:06 CET.

Flavor Version Tinstall Tcheck Ttotal Status Flags
r-devel-linux-x86_64-debian-clang 0.1.0 1.51 24.66 26.17 OK
r-devel-linux-x86_64-debian-gcc 0.1.0 1.02 20.47 21.49 OK
r-devel-linux-x86_64-fedora-clang 0.1.0 31.08 NOTE
r-devel-linux-x86_64-fedora-gcc 0.1.0 29.39 NOTE
r-devel-windows-ix86+x86_64 0.1.0 6.00 51.00 57.00 OK
r-patched-linux-x86_64 0.1.0 1.48 23.53 25.01 OK
r-patched-solaris-x86 0.1.0 50.80 NOTE
r-release-linux-x86_64 0.1.0 1.51 23.68 25.19 OK
r-release-windows-ix86+x86_64 0.1.0 4.00 54.00 58.00 OK
r-release-osx-x86_64 0.1.0 NOTE
r-oldrel-windows-ix86+x86_64 0.1.0 4.00 48.00 52.00 OK
r-oldrel-osx-x86_64 0.1.0 NOTE

Check Details

Version: 0.1.0
Check: dependencies in R code
Result: NOTE
    Namespaces in Imports field not imported from:
     ‘dplyr’ ‘ggplot2’ ‘lubridate’
     All declared Imports should be used.
Flavors: r-devel-linux-x86_64-fedora-clang, r-devel-linux-x86_64-fedora-gcc, r-patched-solaris-x86, r-release-osx-x86_64, r-oldrel-osx-x86_64